{"id":2,"date":"2020-12-22T16:41:20","date_gmt":"2020-12-22T14:41:20","guid":{"rendered":"https:\/\/www.trcnet.fi\/blog\/janne\/?page_id=2"},"modified":"2020-12-23T02:04:12","modified_gmt":"2020-12-23T00:04:12","slug":"tietojalaitteista","status":"publish","type":"page","link":"https:\/\/blog.trcnet.fi\/janne\/tietojalaitteista\/","title":{"rendered":"Tietoja Laitteista"},"content":{"rendered":"\n<p>Creality Ender 5 PRO<br>BTT SKR 1.4 Turbo<br>TMC2209<br>DUAL Z (2 askelmoottoria toimii erikseen)<br>Halpa laaseri aliexpressist\u00e4 24v<br>2 kameraa kuumap\u00e4\u00e4 ja yleiskuva<\/p>\n\n\n\n<p>Creality Ender 3 PRO<br>BTT SKR 1.4 Turbo<br>TMC2209<br>DUAL Z (2 askelmoottoria toimii erikseen)<br>Yleiskuva kamera<\/p>\n\n\n\n<p>Molemmissa Rasberry PI 4:set joissa py\u00f6rii octoprint. Streami kameroista menee BlueIrikseen valvottaksi.<\/p>\n\n\n\n<p>Sek\u00e4 teko\u00e4lyvalvontana k\u00e4yt\u00e4n TheSpaghettiDetective algorytmi\u00e4 joka py\u00f6rii paikallisesti omalla palvelimellani.<\/p>\n","protected":false},"excerpt":{"rendered":"<p>Creality Ender 5 PROBTT SKR 1.4 TurboTMC2209DUAL Z (2 askelmoottoria toimii erikseen)Halpa laaseri aliexpressist\u00e4 24v2 kameraa kuumap\u00e4\u00e4 ja yleiskuva Creality Ender 3 PROBTT SKR 1.4 TurboTMC2209DUAL Z (2 askelmoottoria toimii erikseen)Yleiskuva kamera Molemmissa Rasberry PI 4:set joissa py\u00f6rii octoprint. Streami &hellip; <a href=\"https:\/\/blog.trcnet.fi\/janne\/tietojalaitteista\/\">Lue loppuun <span class=\"meta-nav\">&rarr;<\/span><\/a><\/p>\n","protected":false},"author":2,"featured_media":0,"parent":0,"menu_order":0,"comment_status":"closed","ping_status":"closed","template":"","meta":{"footnotes":""},"class_list":["post-2","page","type-page","status-publish","hentry"],"jetpack-related-posts":[],"jetpack_sharing_enabled":true,"_links":{"self":[{"href":"https:\/\/blog.trcnet.fi\/janne\/wp-json\/wp\/v2\/pages\/2","targetHints":{"allow":["GET"]}}],"collection":[{"href":"https:\/\/blog.trcnet.fi\/janne\/wp-json\/wp\/v2\/pages"}],"about":[{"href":"https:\/\/blog.trcnet.fi\/janne\/wp-json\/wp\/v2\/types\/page"}],"author":[{"embeddable":true,"href":"https:\/\/blog.trcnet.fi\/janne\/wp-json\/wp\/v2\/users\/2"}],"replies":[{"embeddable":true,"href":"https:\/\/blog.trcnet.fi\/janne\/wp-json\/wp\/v2\/comments?post=2"}],"version-history":[{"count":2,"href":"https:\/\/blog.trcnet.fi\/janne\/wp-json\/wp\/v2\/pages\/2\/revisions"}],"predecessor-version":[{"id":21,"href":"https:\/\/blog.trcnet.fi\/janne\/wp-json\/wp\/v2\/pages\/2\/revisions\/21"}],"wp:attachment":[{"href":"https:\/\/blog.trcnet.fi\/janne\/wp-json\/wp\/v2\/media?parent=2"}],"curies":[{"name":"wp","href":"https:\/\/api.w.org\/{rel}","templated":true}]}}